69 a prime number?
False
Is 43126925113 prime?
True
Is 683497339 composite?
True
Is 34122805711 prime?
True
Is 862701719 composite?
True
Is 1350039347 prime?
False
Is 24666073529 a prime number?
True
Is 341317103 composite?
True
Is 100975208359 prime?
True
Is 3828802559 a composite number?
False
Is 14977282409 a prime number?
True
Is 2548888393 prime?
False
Is 3147680071 composite?
True
Is 47467491079 prime?
True
Is 525924353 a composite number?
True
Is 1213502645 composite?
True
Is 9060984091 composite?
False
Is 164823583 a prime number?
True
Is 276342323 prime?
False
Is 13442037023 composite?
False
Is 3671338197 a composite number?
True
Is 69360453821 a prime number?
False
Is 33676946818 prime?
False
Is 1308280889 a composite number?
False
Is 323764603 a composite number?
False
Is 47847630737 prime?
True
Is 2317530841 a prime number?
False
Is 447073163 composite?
False
Is 22412354969 composite?
False
Is 2023888409 prime?
True
Is 177727295 a composite number?
True
Is 3824478694 composite?
True
Is 61691959717 prime?
True
Is 27599523361 prime?
True
Is 28464500327 a prime number?
True
Is 1139315743 composite?
False
Is 39213465847 composite?
True
Is 3845400817 composite?
False
Is 6112033007 a prime number?
False
Is 989803383 a prime number?
False
Is 23382998161 a prime number?
False
Is 1716717503 a composite number?
True
Is 20071003445 composite?
True
Is 5683712467 composite?
False
Is 238504451 prime?
False
Is 344448179 composite?
True
Is 795399113 composite?
True
Is 19043343521 a prime number?
True
Is 8096723257 a composite number?
True
Is 343481 a prime number?
True
Is 3105378401 a prime number?
True
Is 34641095 a prime number?
False
Is 3833374921 a composite number?
False
Is 48328296343 composite?
False
Is 573642703 a composite number?
True
Is 384991897 a composite number?
False
Is 18412817 a prime number?
True
Is 13639536121 a prime number?
True
Is 91110403 a composite number?
False
Is 431968931 a prime number?
False
Is 511769215 a composite number?
True
Is 3077321699 prime?
True
Is 763298729 prime?
True
Is 663267329 a prime number?
True
Is 5906862911 composite?
True
Is 29141735897 a composite number?
False
Is 13503061709 composite?
False
Is 3104900221 prime?
True
Is 3487472341 composite?
True
Is 452194181 prime?
False
Is 2529012823 prime?
True
Is 2050376969 a composite number?
False
Is 44407418515 a prime number?
False
Is 105449501 a composite number?
False
Is 8439972637 a prime number?
False
Is 12951528583 composite?
True
Is 1373021583 a composite number?
True
Is 12599410063 a composite number?
False
Is 3563939183 composite?
True
Is 36404812633 a composite number?
True
Is 26556853 composite?
False
Is 36734001686 a prime number?
False
Is 31766089 composite?
False
Is 1287838477 prime?
True
Is 2517333631 a composite number?
True
Is 56292087773 a composite number?
True
Is 7787975033 prime?
False
Is 17544970969 prime?
True
Is 225076309 a composite number?
False
Is 12965155787 composite?
True
Is 7464227287 prime?
False
Is 40826566147 a prime number?
True
Is 823821491 a composite number?
False
Is 4477865839 composite?
False
Is 40569265741 a prime number?
False
Is 28487500631 a composite number?
False
Is 12513040481 composite?
False
Is 13245151 a prime number?
True
Is 1431468743 a prime number?
False
Is 876250943 composite?
True
Is 386731447 prime?
True
Is 541320037 a composite number?
False
Is 26111187169 composite?
True
Is 2017308283 prime?
True
Is 7482534611 prime?
True
Is 851936989 prime?
False
Is 278810573 a composite number?
True
Is 30015317309 a prime number?
True
Is 1552846277 a composite number?
False
Is 38625681061 prime?
False
Is 9541949 a composite number?
False
Is 7026806219 composite?
False
Is 599596667 composite?
False
Is 14514920663 a composite number?
True
Is 4460993077 prime?
False
Is 169973937583 a prime number?
True
Is 970507177 a composite number?
False
Is 15983015317 a prime number?
True
Is 962453153 prime?
False
Is 715733875855 prime?
False
Is 825251533 composite?
False
Is 295455990587 composite?
False
Is 96862939517 prime?
True
Is 5969829247 prime?
False
Is 1453872523 composite?
True
Is 6549545053 composite?
True
Is 19877356501 prime?
True
Is 127723328953 prime?
False
Is 29227965433 prime?
False
Is 9188151409 a prime number?
False
Is 1430054897 prime?
False
Is 30123497713 composite?
True
Is 1187317549 a prime number?
False
Is 1717015523 a prime number?
True
Is 340012213 composite?
True
Is 67134284489 prime?
False
Is 15232235 composite?
True
Is 538665631 prime?
False
Is 2690822111 a prime number?
True
Is 3049778593 a composite number?
False
Is 282302863 a prime number?
False
Is 32865421051 a composite number?
True
Is 2089526627 a prime number?
False
Is 9805468459 a prime number?
True
Is 1067472281 prime?
False
Is 3655830293 composite?
False
Is 57200723893 a prime number?
True
Is 169250381003 a prime number?
False
Is 36711403 composite?
True
Is 129468189751 composite?
False
Is 34682585495 a composite number?
True
Is 35967042119 prime?
True
Is 8752935679 a prime number?
True
Is 3787719209 a composite number?
False
Is 1578830909 composite?
True
Is 5584496441 a prime number?
True
Is 5812395077 a composite number?
False
Is 25414093 a prime number?
True
Is 53968981969 composite?
True
Is 326745647 composite?
False
Is 109184687753 prime?
False
Is 135540827 prime?
True
Is 164621399 prime?
False
Is 1061945743 a prime number?
True
Is 259788701 prime?
True
Is 84700605611 prime?
True
Is 2866082821 prime?
False
Is 4630467767 composite?
False
Is 4146478537 composite?
False
Is 3816776123 a prime number?
False
Is 10107075457 a prime number?
True
Is 11967134657 composite?
True
Is 971261419 a prime number?
True
Is 24121451279 prime?
True
Is 12961498835 a composite number?
True
Is 83908923271 a prime number?
True
Is 35007228941 a composite number?
False
Is 5640557729 composite?
False
Is 166319107597 a composite number?
False
Is 301978081 a prime number?
True
Is 26683253 a prime number?
False
Is 87090409507 a composite number?
False
Is 3821332377 a composite number?
True
Is 1189855351 composite?
False
Is 8339730203 prime?
False
Is 86573109023 a composite number?
True
Is 227062126 a prime number?
False
Is 296945763 prime?
False
Is 64093697 a prime number?
False
Is 299645117 composite?
False
Is 228659671 composite?
False
Is 28102667147 composite?
True
Is 2659357567 prime?
True
Is 511446673 a composite number?
False
Is 11220704267 composite?
True
Is 7615465223 composite?
False
Is 166547216813 composite?
False
Is 21132040367 prime?
True
Is 2869650533 a prime number?
False
Is 283336741 prime?
True
Is 4073847263 prime?
False
Is 10545776809 a prime number?
True
Is 2435807593 composite?
True
Is 392113633 a composite number?
False
Is 7057813957 a prime number?
False
Is 1346868969 a prime number?
False
Is 19737120311 a prime number?
False
Is 777077593 a prime number?
True
Is 2549936941 prime?
True
Is 6280797487 a composite number?
False
Is 90890418095 a composite number?
True
Is 2827322587 a composite number?
True
Is 5831405187 a prime number?
False
Is 50872321 composite?
True
Is 164964131 prime?
True
Is 1989508429 composite?
True
Is 2057674447 a composite number?
True
Is 71805564683 composite?
False
Is 660766637 a composite number?
True
Is 350250071 a prime number?
False
Is 45918922073 composite?
True
Is 2022195629 a composite number?
True
Is 768617081 a prime number?
False
Is 883589695 a composite number?
True
Is 143146109 composite?
False
Is 1089866881 composite?
False
Is 150076391411 prime?
False
Is 13421220159 a prime number?
False
Is 3628926971 composite?
False
Is 38057092763 a prime number?
False
Is 5107827793 composite?
False
Is 1624744985 composite?
True
Is 7555528697 prime?
True
Is 1287848365 a prime number?
False
Is 68977427 prime?
True
Is 28646619205 a composite number?
True
Is 3129547117 composite?
False
Is 17006327113 a prime number?
False
Is 130712300969 prime?
False
Is 2746321861 prime?
False
Is 20405306507 composite?
False
Is 8684144797 prime?
False
Is 6037384087 a composite number?
True
Is 459310277 prime?
True
Is 12127771367 prime?
True
Is 943369993 prime?
True
Is 3571520929 composite?
True
Is 20086968071 prime?
False
Is 7494517549 a prime number?
False
Is 1278610007 a composite number?
False
Is 673681289 a composite number?
False
I